{"id":370,"date":"2025-08-18T02:49:55","date_gmt":"2025-08-18T02:49:55","guid":{"rendered":"https:\/\/www.emprendebox.es\/magia\/?page_id=370"},"modified":"2025-08-18T22:18:16","modified_gmt":"2025-08-18T22:18:16","slug":"raravillas","status":"publish","type":"page","link":"https:\/\/www.emprendebox.es\/magia\/raravillas\/","title":{"rendered":"Raravillas"},"content":{"rendered":"\t\t<div data-elementor-type=\"wp-page\" data-elementor-id=\"370\" class=\"elementor elementor-370\" data-elementor-post-type=\"page\">\n\t\t\t\t\t\t<section class=\"elementor-section elementor-top-section elementor-element elementor-element-38b72668 elementor-section-boxed elementor-section-height-default elementor-section-height-default\" data-id=\"38b72668\" data-element_type=\"section\" data-settings=\"{&quot;background_background&quot;:&quot;classic&quot;}\">\n\t\t\t\t\t\t\t<div class=\"elementor-background-overlay\"><\/div>\n\t\t\t\t\t\t\t<div class=\"elementor-container elementor-column-gap-no\">\n\t\t\t\t\t<div class=\"elementor-column elementor-col-100 elementor-top-column elementor-element elementor-element-48cb2d4c\" data-id=\"48cb2d4c\" data-element_type=\"column\">\n\t\t\t<div class=\"elementor-widget-wrap elementor-element-populated\">\n\t\t\t\t\t\t<section class=\"elementor-section elementor-inner-section elementor-element elementor-element-146740b3 elementor-section-boxed elementor-section-height-default elementor-section-height-default\" data-id=\"146740b3\" data-element_type=\"section\">\n\t\t\t\t\t\t<div class=\"elementor-container elementor-column-gap-default\">\n\t\t\t\t\t<div class=\"elementor-column elementor-col-100 elementor-inner-column elementor-element elementor-element-2573dcf8\" data-id=\"2573dcf8\" data-element_type=\"column\">\n\t\t\t<div class=\"elementor-widget-wrap elementor-element-populated\">\n\t\t\t\t\t\t<div class=\"elementor-element elementor-element-49afe98a elementor-widget elementor-widget-heading\" data-id=\"49afe98a\" data-element_type=\"widget\" data-widget_type=\"heading.default\">\n\t\t\t\t\t<h1 class=\"elementor-heading-title elementor-size-default\">Raravillas<\/h1>\t\t\t\t<\/div>\n\t\t\t\t<div class=\"elementor-element elementor-element-7c95a3e2 elementor-widget elementor-widget-spacer\" data-id=\"7c95a3e2\" data-element_type=\"widget\" data-widget_type=\"spacer.default\">\n\t\t\t\t\t\t\t<div class=\"elementor-spacer\">\n\t\t\t<div class=\"elementor-spacer-inner\"><\/div>\n\t\t<\/div>\n\t\t\t\t\t\t<\/div>\n\t\t\t\t\t<\/div>\n\t\t<\/div>\n\t\t\t\t\t<\/div>\n\t\t<\/section>\n\t\t\t\t<section class=\"elementor-section elementor-inner-section elementor-element elementor-element-7eb97f34 elementor-section-boxed elementor-section-height-default elementor-section-height-default\" data-id=\"7eb97f34\" data-element_type=\"section\">\n\t\t\t\t\t\t<div class=\"elementor-container elementor-column-gap-no\">\n\t\t\t\t\t<div class=\"elementor-column elementor-col-50 elementor-inner-column elementor-element elementor-element-1973a4d8\" data-id=\"1973a4d8\" data-element_type=\"column\">\n\t\t\t<div class=\"elementor-widget-wrap elementor-element-populated\">\n\t\t\t\t\t\t<div class=\"elementor-element elementor-element-5913da52 elementor-widget elementor-widget-image\" data-id=\"5913da52\" data-element_type=\"widget\" data-widget_type=\"image.default\">\n\t\t\t\t\t\t\t\t\t\t\t\t\t\t\t<img fetchpriority=\"high\" decoding=\"async\" width=\"724\" height=\"1024\" src=\"https:\/\/www.emprendebox.es\/magia\/wp-content\/uploads\/2025\/08\/3__msi___jpg-724x1024.webp\" class=\"attachment-large size-large wp-image-325\" alt=\"\" srcset=\"https:\/\/www.emprendebox.es\/magia\/wp-content\/uploads\/2025\/08\/3__msi___jpg-724x1024.webp 724w, https:\/\/www.emprendebox.es\/magia\/wp-content\/uploads\/2025\/08\/3__msi___jpg-212x300.webp 212w, https:\/\/www.emprendebox.es\/magia\/wp-content\/uploads\/2025\/08\/3__msi___jpg.webp 768w\" sizes=\"(max-width: 724px) 100vw, 724px\" \/>\t\t\t\t\t\t\t\t\t\t\t\t\t\t\t<\/div>\n\t\t\t\t\t<\/div>\n\t\t<\/div>\n\t\t\t\t<div class=\"elementor-column elementor-col-50 elementor-inner-column elementor-element elementor-element-149fa281\" data-id=\"149fa281\" data-element_type=\"column\">\n\t\t\t<div class=\"elementor-widget-wrap elementor-element-populated\">\n\t\t\t\t\t\t<div class=\"elementor-element elementor-element-1e7be1fe elementor-widget elementor-widget-heading\" data-id=\"1e7be1fe\" data-element_type=\"widget\" data-widget_type=\"heading.default\">\n\t\t\t\t\t<h3 class=\"elementor-heading-title elementor-size-default\">Sinopsis<\/h3>\t\t\t\t<\/div>\n\t\t\t\t<div class=\"elementor-element elementor-element-5cf4b07c elementor-widget elementor-widget-heading\" data-id=\"5cf4b07c\" data-element_type=\"widget\" data-widget_type=\"heading.default\">\n\t\t\t\t\t<h3 class=\"elementor-heading-title elementor-size-default\">\u00a1Extra, extra! Llega el Gran Concierto Estramb\u00f3tico de las Maravillas.<\/h3>\t\t\t\t<\/div>\n\t\t\t\t<div class=\"elementor-element elementor-element-9cce46f elementor-widget elementor-widget-text-editor\" data-id=\"9cce46f\" data-element_type=\"widget\" data-widget_type=\"text-editor.default\">\n\t\t\t\t\t\t\t\t\t<p>Tras el \u00e9xito que obtuvo su primer espect\u00e1culo, Diego vuelve con la segunda edici\u00f3n de Raravillas. Nos reuniremos con otros desconocidos y experimentaremos, como seres humanos, el lenguaje que nos conecta. \u00bfAlguna vez te has preguntado qui\u00e9n eres?<br \/>Un soplo de magia vanguardista. \u00bfHasta donde estamos dispuestos a explorar para descubrir la naturaleza de lo imposible?<\/p><p>En esta experiencia inmersiva el destino tiene algo planeado.\u00bb<\/p><p>Temporadas 2015 \u2013 2017 | Entradas agotadas en todas las funciones.<\/p><p>Grada M\u00e1gica | Puente de Vallecas (Madrid)<\/p><p>PR\u00d3XIMAMENTE | Temporada 2021 \u2013 2022<\/p>\t\t\t\t\t\t\t\t<\/div>\n\t\t\t\t<div class=\"elementor-element elementor-element-15ac8ac elementor-widget elementor-widget-button\" data-id=\"15ac8ac\" data-element_type=\"widget\" data-widget_type=\"button.default\">\n\t\t\t\t\t\t\t\t\t\t<a class=\"elementor-button elementor-button-link elementor-size-sm\" href=\"https:\/\/www.emprendebox.es\/magia\/wp-content\/uploads\/2025\/08\/Dossier-tecnico_Raravillas.pdf\" target=\"_blank\" rel=\"nofollow\">\n\t\t\t\t\t\t<span class=\"elementor-button-content-wrapper\">\n\t\t\t\t\t\t\t\t\t<span class=\"elementor-button-text\">Ver Dossier T\u00e9cnico<\/span>\n\t\t\t\t\t<\/span>\n\t\t\t\t\t<\/a>\n\t\t\t\t\t\t\t\t<\/div>\n\t\t\t\t\t<\/div>\n\t\t<\/div>\n\t\t\t\t\t<\/div>\n\t\t<\/section>\n\t\t\t\t<div class=\"elementor-element elementor-element-5d8ae14a elementor-widget elementor-widget-spacer\" data-id=\"5d8ae14a\" data-element_type=\"widget\" data-widget_type=\"spacer.default\">\n\t\t\t\t\t\t\t<div class=\"elementor-spacer\">\n\t\t\t<div class=\"elementor-spacer-inner\"><\/div>\n\t\t<\/div>\n\t\t\t\t\t\t<\/div>\n\t\t\t\t\t<\/div>\n\t\t<\/div>\n\t\t\t\t\t<\/div>\n\t\t<\/section>\n\t\t\t\t<section class=\"elementor-section elementor-top-section elementor-element elementor-element-13b626de elementor-section-boxed elementor-section-height-default elementor-section-height-default\" data-id=\"13b626de\" data-element_type=\"section\" data-settings=\"{&quot;background_background&quot;:&quot;classic&quot;}\">\n\t\t\t\t\t\t<div class=\"elementor-container elementor-column-gap-default\">\n\t\t\t\t\t<div class=\"elementor-column elementor-col-100 elementor-top-column elementor-element elementor-element-1a42b756\" data-id=\"1a42b756\" data-element_type=\"column\">\n\t\t\t<div class=\"elementor-widget-wrap elementor-element-populated\">\n\t\t\t\t\t\t<div class=\"elementor-element elementor-element-368b070 elementor-widget elementor-widget-gallery\" data-id=\"368b070\" data-element_type=\"widget\" data-settings=\"{&quot;columns&quot;:3,&quot;aspect_ratio&quot;:&quot;1:1&quot;,&quot;lazyload&quot;:&quot;yes&quot;,&quot;gallery_layout&quot;:&quot;grid&quot;,&quot;columns_tablet&quot;:2,&quot;columns_mobile&quot;:1,&quot;gap&quot;:{&quot;unit&quot;:&quot;px&quot;,&quot;size&quot;:10,&quot;sizes&quot;:[]},&quot;gap_tablet&quot;:{&quot;unit&quot;:&quot;px&quot;,&quot;size&quot;:10,&quot;sizes&quot;:[]},&quot;gap_mobile&quot;:{&quot;unit&quot;:&quot;px&quot;,&quot;size&quot;:10,&quot;sizes&quot;:[]},&quot;link_to&quot;:&quot;file&quot;,&quot;overlay_background&quot;:&quot;yes&quot;,&quot;content_hover_animation&quot;:&quot;fade-in&quot;}\" data-widget_type=\"gallery.default\">\n\t\t\t\t\t\t\t<div class=\"elementor-gallery__container\">\n\t\t\t\t\t\t\t<a class=\"e-gallery-item elementor-gallery-item elementor-animated-content\" href=\"https:\/\/www.emprendebox.es\/magia\/wp-content\/uploads\/2025\/08\/inbound3316137016953099840.jpg\" data-elementor-open-lightbox=\"yes\" data-elementor-lightbox-slideshow=\"368b070\" data-e-action-hash=\"#elementor-action%3Aaction%3Dlightbox%26settings%3DeyJpZCI6MzkxLCJ1cmwiOiJodHRwczpcL1wvd3d3LmVtcHJlbmRlYm94LmVzXC9tYWdpYVwvd3AtY29udGVudFwvdXBsb2Fkc1wvMjAyNVwvMDhcL2luYm91bmQzMzE2MTM3MDE2OTUzMDk5ODQwLmpwZyIsInNsaWRlc2hvdyI6IjM2OGIwNzAifQ%3D%3D\">\n\t\t\t\t\t<div class=\"e-gallery-image elementor-gallery-item__image\" data-thumbnail=\"https:\/\/www.emprendebox.es\/magia\/wp-content\/uploads\/2025\/08\/inbound3316137016953099840-768x960.jpg\" data-width=\"768\" data-height=\"960\" aria-label=\"\" role=\"img\" ><\/div>\n\t\t\t\t\t\t\t\t\t\t\t<div class=\"elementor-gallery-item__overlay\"><\/div>\n\t\t\t\t\t\t\t\t\t\t\t\t\t\t<\/a>\n\t\t\t\t\t\t\t<a class=\"e-gallery-item elementor-gallery-item elementor-animated-content\" href=\"https:\/\/www.emprendebox.es\/magia\/wp-content\/uploads\/2025\/08\/1702982396091.jpg\" data-elementor-open-lightbox=\"yes\" data-elementor-lightbox-slideshow=\"368b070\" data-e-action-hash=\"#elementor-action%3Aaction%3Dlightbox%26settings%3DeyJpZCI6Mzg4LCJ1cmwiOiJodHRwczpcL1wvd3d3LmVtcHJlbmRlYm94LmVzXC9tYWdpYVwvd3AtY29udGVudFwvdXBsb2Fkc1wvMjAyNVwvMDhcLzE3MDI5ODIzOTYwOTEuanBnIiwic2xpZGVzaG93IjoiMzY4YjA3MCJ9\">\n\t\t\t\t\t<div class=\"e-gallery-image elementor-gallery-item__image\" data-thumbnail=\"https:\/\/www.emprendebox.es\/magia\/wp-content\/uploads\/2025\/08\/1702982396091-768x576.jpg\" data-width=\"768\" data-height=\"576\" aria-label=\"\" role=\"img\" ><\/div>\n\t\t\t\t\t\t\t\t\t\t\t<div class=\"elementor-gallery-item__overlay\"><\/div>\n\t\t\t\t\t\t\t\t\t\t\t\t\t\t<\/a>\n\t\t\t\t\t\t\t<a class=\"e-gallery-item elementor-gallery-item elementor-animated-content\" href=\"https:\/\/www.emprendebox.es\/magia\/wp-content\/uploads\/2025\/08\/FB_IMG_1578832539958.jpg\" data-elementor-open-lightbox=\"yes\" data-elementor-lightbox-slideshow=\"368b070\" data-e-action-hash=\"#elementor-action%3Aaction%3Dlightbox%26settings%3DeyJpZCI6MzkwLCJ1cmwiOiJodHRwczpcL1wvd3d3LmVtcHJlbmRlYm94LmVzXC9tYWdpYVwvd3AtY29udGVudFwvdXBsb2Fkc1wvMjAyNVwvMDhcL0ZCX0lNR18xNTc4ODMyNTM5OTU4LmpwZyIsInNsaWRlc2hvdyI6IjM2OGIwNzAifQ%3D%3D\">\n\t\t\t\t\t<div class=\"e-gallery-image elementor-gallery-item__image\" data-thumbnail=\"https:\/\/www.emprendebox.es\/magia\/wp-content\/uploads\/2025\/08\/FB_IMG_1578832539958-768x577.jpg\" data-width=\"768\" data-height=\"577\" aria-label=\"\" role=\"img\" ><\/div>\n\t\t\t\t\t\t\t\t\t\t\t<div class=\"elementor-gallery-item__overlay\"><\/div>\n\t\t\t\t\t\t\t\t\t\t\t\t\t\t<\/a>\n\t\t\t\t\t\t\t<a class=\"e-gallery-item elementor-gallery-item elementor-animated-content\" href=\"https:\/\/www.emprendebox.es\/magia\/wp-content\/uploads\/2025\/08\/DSC0096-scaled.jpg\" data-elementor-open-lightbox=\"yes\" data-elementor-lightbox-slideshow=\"368b070\" data-e-action-hash=\"#elementor-action%3Aaction%3Dlightbox%26settings%3DeyJpZCI6Mzg3LCJ1cmwiOiJodHRwczpcL1wvd3d3LmVtcHJlbmRlYm94LmVzXC9tYWdpYVwvd3AtY29udGVudFwvdXBsb2Fkc1wvMjAyNVwvMDhcL0RTQzAwOTYtc2NhbGVkLmpwZyIsInNsaWRlc2hvdyI6IjM2OGIwNzAifQ%3D%3D\">\n\t\t\t\t\t<div class=\"e-gallery-image elementor-gallery-item__image\" data-thumbnail=\"https:\/\/www.emprendebox.es\/magia\/wp-content\/uploads\/2025\/08\/DSC0096-768x512.jpg\" data-width=\"768\" data-height=\"512\" aria-label=\"\" role=\"img\" ><\/div>\n\t\t\t\t\t\t\t\t\t\t\t<div class=\"elementor-gallery-item__overlay\"><\/div>\n\t\t\t\t\t\t\t\t\t\t\t\t\t\t<\/a>\n\t\t\t\t\t<\/div>\n\t\t\t\t\t<\/div>\n\t\t\t\t\t<\/div>\n\t\t<\/div>\n\t\t\t\t\t<\/div>\n\t\t<\/section>\n\t\t\t\t<\/div>\n\t\t","protected":false},"excerpt":{"rendered":"<p>Raravillas Sinopsis \u00a1Extra, extra! Llega el Gran Concierto Estramb\u00f3tico de las Maravillas. Tras el \u00e9xito que obtuvo su primer espect\u00e1culo, Diego vuelve con la segunda edici\u00f3n de Raravillas. Nos reuniremos con otros desconocidos y experimentaremos, como seres humanos, el lenguaje que nos conecta. \u00bfAlguna vez te has preguntado qui\u00e9n eres?Un soplo de magia vanguardista. \u00bfHasta [&hellip;]<\/p>\n","protected":false},"author":1,"featured_media":0,"parent":0,"menu_order":0,"comment_status":"closed","ping_status":"closed","template":"","meta":{"footnotes":""},"class_list":["post-370","page","type-page","status-publish","hentry"],"yoast_head":"<!-- This site is optimized with the Yoast SEO plugin v25.5 - https:\/\/yoast.com\/wordpress\/plugins\/seo\/ -->\n<title>Raravillas - Diego Mu\u00f1oz<\/title>\n<meta name=\"robots\" content=\"index, follow, max-snippet:-1, max-image-preview:large, max-video-preview:-1\" \/>\n<link rel=\"canonical\" href=\"https:\/\/www.emprendebox.es\/magia\/raravillas\/\" \/>\n<meta property=\"og:locale\" content=\"es_ES\" \/>\n<meta property=\"og:type\" content=\"article\" \/>\n<meta property=\"og:title\" content=\"Raravillas - Diego Mu\u00f1oz\" \/>\n<meta property=\"og:description\" content=\"Raravillas Sinopsis \u00a1Extra, extra! Llega el Gran Concierto Estramb\u00f3tico de las Maravillas. Tras el \u00e9xito que obtuvo su primer espect\u00e1culo, Diego vuelve con la segunda edici\u00f3n de Raravillas. Nos reuniremos con otros desconocidos y experimentaremos, como seres humanos, el lenguaje que nos conecta. \u00bfAlguna vez te has preguntado qui\u00e9n eres?Un soplo de magia vanguardista. \u00bfHasta [&hellip;]\" \/>\n<meta property=\"og:url\" content=\"https:\/\/www.emprendebox.es\/magia\/raravillas\/\" \/>\n<meta property=\"og:site_name\" content=\"Diego Mu\u00f1oz\" \/>\n<meta property=\"article:modified_time\" content=\"2025-08-18T22:18:16+00:00\" \/>\n<meta property=\"og:image\" content=\"https:\/\/www.emprendebox.es\/magia\/wp-content\/uploads\/2025\/08\/3__msi___jpg.webp\" \/>\n\t<meta property=\"og:image:width\" content=\"768\" \/>\n\t<meta property=\"og:image:height\" content=\"1086\" \/>\n\t<meta property=\"og:image:type\" content=\"image\/webp\" \/>\n<meta name=\"twitter:card\" content=\"summary_large_image\" \/>\n<meta name=\"twitter:label1\" content=\"Tiempo de lectura\" \/>\n\t<meta name=\"twitter:data1\" content=\"1 minuto\" \/>\n<script type=\"application\/ld+json\" class=\"yoast-schema-graph\">{\"@context\":\"https:\/\/schema.org\",\"@graph\":[{\"@type\":\"WebPage\",\"@id\":\"https:\/\/www.emprendebox.es\/magia\/raravillas\/\",\"url\":\"https:\/\/www.emprendebox.es\/magia\/raravillas\/\",\"name\":\"Raravillas - Diego Mu\u00f1oz\",\"isPartOf\":{\"@id\":\"https:\/\/www.emprendebox.es\/magia\/#website\"},\"primaryImageOfPage\":{\"@id\":\"https:\/\/www.emprendebox.es\/magia\/raravillas\/#primaryimage\"},\"image\":{\"@id\":\"https:\/\/www.emprendebox.es\/magia\/raravillas\/#primaryimage\"},\"thumbnailUrl\":\"https:\/\/www.emprendebox.es\/magia\/wp-content\/uploads\/2025\/08\/3__msi___jpg-724x1024.webp\",\"datePublished\":\"2025-08-18T02:49:55+00:00\",\"dateModified\":\"2025-08-18T22:18:16+00:00\",\"breadcrumb\":{\"@id\":\"https:\/\/www.emprendebox.es\/magia\/raravillas\/#breadcrumb\"},\"inLanguage\":\"es\",\"potentialAction\":[{\"@type\":\"ReadAction\",\"target\":[\"https:\/\/www.emprendebox.es\/magia\/raravillas\/\"]}]},{\"@type\":\"ImageObject\",\"inLanguage\":\"es\",\"@id\":\"https:\/\/www.emprendebox.es\/magia\/raravillas\/#primaryimage\",\"url\":\"https:\/\/www.emprendebox.es\/magia\/wp-content\/uploads\/2025\/08\/3__msi___jpg.webp\",\"contentUrl\":\"https:\/\/www.emprendebox.es\/magia\/wp-content\/uploads\/2025\/08\/3__msi___jpg.webp\",\"width\":768,\"height\":1086},{\"@type\":\"BreadcrumbList\",\"@id\":\"https:\/\/www.emprendebox.es\/magia\/raravillas\/#breadcrumb\",\"itemListElement\":[{\"@type\":\"ListItem\",\"position\":1,\"name\":\"Portada\",\"item\":\"https:\/\/www.emprendebox.es\/magia\/\"},{\"@type\":\"ListItem\",\"position\":2,\"name\":\"Raravillas\"}]},{\"@type\":\"WebSite\",\"@id\":\"https:\/\/www.emprendebox.es\/magia\/#website\",\"url\":\"https:\/\/www.emprendebox.es\/magia\/\",\"name\":\"Diego Mu\u00f1oz\",\"description\":\"Mago\",\"publisher\":{\"@id\":\"https:\/\/www.emprendebox.es\/magia\/#organization\"},\"potentialAction\":[{\"@type\":\"SearchAction\",\"target\":{\"@type\":\"EntryPoint\",\"urlTemplate\":\"https:\/\/www.emprendebox.es\/magia\/?s={search_term_string}\"},\"query-input\":{\"@type\":\"PropertyValueSpecification\",\"valueRequired\":true,\"valueName\":\"search_term_string\"}}],\"inLanguage\":\"es\"},{\"@type\":\"Organization\",\"@id\":\"https:\/\/www.emprendebox.es\/magia\/#organization\",\"name\":\"Diego Mu\u00f1oz\",\"url\":\"https:\/\/www.emprendebox.es\/magia\/\",\"logo\":{\"@type\":\"ImageObject\",\"inLanguage\":\"es\",\"@id\":\"https:\/\/www.emprendebox.es\/magia\/#\/schema\/logo\/image\/\",\"url\":\"https:\/\/www.emprendebox.es\/magia\/wp-content\/uploads\/2025\/08\/logo-1-home.jpg\",\"contentUrl\":\"https:\/\/www.emprendebox.es\/magia\/wp-content\/uploads\/2025\/08\/logo-1-home.jpg\",\"width\":1581,\"height\":1097,\"caption\":\"Diego Mu\u00f1oz\"},\"image\":{\"@id\":\"https:\/\/www.emprendebox.es\/magia\/#\/schema\/logo\/image\/\"}}]}<\/script>\n<!-- \/ Yoast SEO plugin. -->","yoast_head_json":{"title":"Raravillas - Diego Mu\u00f1oz","robots":{"index":"index","follow":"follow","max-snippet":"max-snippet:-1","max-image-preview":"max-image-preview:large","max-video-preview":"max-video-preview:-1"},"canonical":"https:\/\/www.emprendebox.es\/magia\/raravillas\/","og_locale":"es_ES","og_type":"article","og_title":"Raravillas - Diego Mu\u00f1oz","og_description":"Raravillas Sinopsis \u00a1Extra, extra! Llega el Gran Concierto Estramb\u00f3tico de las Maravillas. Tras el \u00e9xito que obtuvo su primer espect\u00e1culo, Diego vuelve con la segunda edici\u00f3n de Raravillas. Nos reuniremos con otros desconocidos y experimentaremos, como seres humanos, el lenguaje que nos conecta. \u00bfAlguna vez te has preguntado qui\u00e9n eres?Un soplo de magia vanguardista. \u00bfHasta [&hellip;]","og_url":"https:\/\/www.emprendebox.es\/magia\/raravillas\/","og_site_name":"Diego Mu\u00f1oz","article_modified_time":"2025-08-18T22:18:16+00:00","og_image":[{"width":768,"height":1086,"url":"https:\/\/www.emprendebox.es\/magia\/wp-content\/uploads\/2025\/08\/3__msi___jpg.webp","type":"image\/webp"}],"twitter_card":"summary_large_image","twitter_misc":{"Tiempo de lectura":"1 minuto"},"schema":{"@context":"https:\/\/schema.org","@graph":[{"@type":"WebPage","@id":"https:\/\/www.emprendebox.es\/magia\/raravillas\/","url":"https:\/\/www.emprendebox.es\/magia\/raravillas\/","name":"Raravillas - Diego Mu\u00f1oz","isPartOf":{"@id":"https:\/\/www.emprendebox.es\/magia\/#website"},"primaryImageOfPage":{"@id":"https:\/\/www.emprendebox.es\/magia\/raravillas\/#primaryimage"},"image":{"@id":"https:\/\/www.emprendebox.es\/magia\/raravillas\/#primaryimage"},"thumbnailUrl":"https:\/\/www.emprendebox.es\/magia\/wp-content\/uploads\/2025\/08\/3__msi___jpg-724x1024.webp","datePublished":"2025-08-18T02:49:55+00:00","dateModified":"2025-08-18T22:18:16+00:00","breadcrumb":{"@id":"https:\/\/www.emprendebox.es\/magia\/raravillas\/#breadcrumb"},"inLanguage":"es","potentialAction":[{"@type":"ReadAction","target":["https:\/\/www.emprendebox.es\/magia\/raravillas\/"]}]},{"@type":"ImageObject","inLanguage":"es","@id":"https:\/\/www.emprendebox.es\/magia\/raravillas\/#primaryimage","url":"https:\/\/www.emprendebox.es\/magia\/wp-content\/uploads\/2025\/08\/3__msi___jpg.webp","contentUrl":"https:\/\/www.emprendebox.es\/magia\/wp-content\/uploads\/2025\/08\/3__msi___jpg.webp","width":768,"height":1086},{"@type":"BreadcrumbList","@id":"https:\/\/www.emprendebox.es\/magia\/raravillas\/#breadcrumb","itemListElement":[{"@type":"ListItem","position":1,"name":"Portada","item":"https:\/\/www.emprendebox.es\/magia\/"},{"@type":"ListItem","position":2,"name":"Raravillas"}]},{"@type":"WebSite","@id":"https:\/\/www.emprendebox.es\/magia\/#website","url":"https:\/\/www.emprendebox.es\/magia\/","name":"Diego Mu\u00f1oz","description":"Mago","publisher":{"@id":"https:\/\/www.emprendebox.es\/magia\/#organization"},"potentialAction":[{"@type":"SearchAction","target":{"@type":"EntryPoint","urlTemplate":"https:\/\/www.emprendebox.es\/magia\/?s={search_term_string}"},"query-input":{"@type":"PropertyValueSpecification","valueRequired":true,"valueName":"search_term_string"}}],"inLanguage":"es"},{"@type":"Organization","@id":"https:\/\/www.emprendebox.es\/magia\/#organization","name":"Diego Mu\u00f1oz","url":"https:\/\/www.emprendebox.es\/magia\/","logo":{"@type":"ImageObject","inLanguage":"es","@id":"https:\/\/www.emprendebox.es\/magia\/#\/schema\/logo\/image\/","url":"https:\/\/www.emprendebox.es\/magia\/wp-content\/uploads\/2025\/08\/logo-1-home.jpg","contentUrl":"https:\/\/www.emprendebox.es\/magia\/wp-content\/uploads\/2025\/08\/logo-1-home.jpg","width":1581,"height":1097,"caption":"Diego Mu\u00f1oz"},"image":{"@id":"https:\/\/www.emprendebox.es\/magia\/#\/schema\/logo\/image\/"}}]}},"_links":{"self":[{"href":"https:\/\/www.emprendebox.es\/magia\/wp-json\/wp\/v2\/pages\/370","targetHints":{"allow":["GET"]}}],"collection":[{"href":"https:\/\/www.emprendebox.es\/magia\/wp-json\/wp\/v2\/pages"}],"about":[{"href":"https:\/\/www.emprendebox.es\/magia\/wp-json\/wp\/v2\/types\/page"}],"author":[{"embeddable":true,"href":"https:\/\/www.emprendebox.es\/magia\/wp-json\/wp\/v2\/users\/1"}],"replies":[{"embeddable":true,"href":"https:\/\/www.emprendebox.es\/magia\/wp-json\/wp\/v2\/comments?post=370"}],"version-history":[{"count":19,"href":"https:\/\/www.emprendebox.es\/magia\/wp-json\/wp\/v2\/pages\/370\/revisions"}],"predecessor-version":[{"id":617,"href":"https:\/\/www.emprendebox.es\/magia\/wp-json\/wp\/v2\/pages\/370\/revisions\/617"}],"wp:attachment":[{"href":"https:\/\/www.emprendebox.es\/magia\/wp-json\/wp\/v2\/media?parent=370"}],"curies":[{"name":"wp","href":"https:\/\/api.w.org\/{rel}","templated":true}]}}